{"id":95,"date":"2024-07-05T16:48:14","date_gmt":"2024-07-05T16:48:14","guid":{"rendered":"https:\/\/grido.loupwebs.cl\/?page_id=95"},"modified":"2024-09-25T14:25:23","modified_gmt":"2024-09-25T14:25:23","slug":"test","status":"publish","type":"page","link":"https:\/\/grido.loupwebs.cl\/","title":{"rendered":"Home"},"content":{"rendered":"\t\t<div data-elementor-type=\"wp-page\" data-elementor-id=\"95\" class=\"elementor elementor-95\">\n\t\t\t\t<div class=\"elementor-element elementor-element-eaa85ba e-con-full e-flex e-con e-parent\" data-id=\"eaa85ba\" data-element_type=\"container\" data-settings=\"{&quot;background_background&quot;:&quot;classic&quot;}\">\n\t\t\t\t<div class=\"elementor-element elementor-element-7a546b1 elementor-hidden-tablet elementor-hidden-mobile elementor-widget elementor-widget-image\" data-id=\"7a546b1\" data-element_type=\"widget\" data-widget_type=\"image.default\">\n\t\t\t\t<div class=\"elementor-widget-container\">\n\t\t\t\t\t\t\t\t\t\t\t\t\t<img fetchpriority=\"high\" decoding=\"async\" width=\"1775\" height=\"599\" src=\"https:\/\/grido.loupwebs.cl\/wp-content\/uploads\/2024\/09\/Recurso-1.png\" class=\"attachment-full size-full wp-image-157\" alt=\"\" srcset=\"https:\/\/grido.loupwebs.cl\/wp-content\/uploads\/2024\/09\/Recurso-1.png 1775w, https:\/\/grido.loupwebs.cl\/wp-content\/uploads\/2024\/09\/Recurso-1-300x101.png 300w, https:\/\/grido.loupwebs.cl\/wp-content\/uploads\/2024\/09\/Recurso-1-1024x346.png 1024w, https:\/\/grido.loupwebs.cl\/wp-content\/uploads\/2024\/09\/Recurso-1-768x259.png 768w, https:\/\/grido.loupwebs.cl\/wp-content\/uploads\/2024\/09\/Recurso-1-1536x518.png 1536w\" sizes=\"(max-width: 1775px) 100vw, 1775px\" \/>\t\t\t\t\t\t\t\t\t\t\t\t\t<\/div>\n\t\t\t\t<\/div>\n\t\t\t\t<div class=\"elementor-element elementor-element-1c5af13 elementor-widget elementor-widget-heading\" data-id=\"1c5af13\" data-element_type=\"widget\" data-widget_type=\"heading.default\">\n\t\t\t\t<div class=\"elementor-widget-container\">\n\t\t\t<h1 class=\"elementor-heading-title elementor-size-default\">\u00a1Ya Somos 100 Franquicias!<\/h1>\t\t<\/div>\n\t\t\t\t<\/div>\n\t\t\t\t<div class=\"elementor-element elementor-element-d57450e elementor-hidden-desktop elementor-widget elementor-widget-image\" data-id=\"d57450e\" data-element_type=\"widget\" data-widget_type=\"image.default\">\n\t\t\t\t<div class=\"elementor-widget-container\">\n\t\t\t\t\t\t\t\t\t\t\t\t\t<img decoding=\"async\" width=\"1503\" height=\"731\" src=\"https:\/\/grido.loupwebs.cl\/wp-content\/uploads\/2024\/09\/Recurso-2.png\" class=\"attachment-full size-full wp-image-158\" alt=\"\" srcset=\"https:\/\/grido.loupwebs.cl\/wp-content\/uploads\/2024\/09\/Recurso-2.png 1503w, https:\/\/grido.loupwebs.cl\/wp-content\/uploads\/2024\/09\/Recurso-2-300x146.png 300w, https:\/\/grido.loupwebs.cl\/wp-content\/uploads\/2024\/09\/Recurso-2-1024x498.png 1024w, https:\/\/grido.loupwebs.cl\/wp-content\/uploads\/2024\/09\/Recurso-2-768x374.png 768w\" sizes=\"(max-width: 1503px) 100vw, 1503px\" \/>\t\t\t\t\t\t\t\t\t\t\t\t\t<\/div>\n\t\t\t\t<\/div>\n\t\t\t\t<div class=\"elementor-element elementor-element-1f57771 elementor-widget elementor-widget-image\" data-id=\"1f57771\" data-element_type=\"widget\" data-widget_type=\"image.default\">\n\t\t\t\t<div class=\"elementor-widget-container\">\n\t\t\t\t\t\t\t\t\t\t\t\t\t<img decoding=\"async\" width=\"1920\" height=\"346\" src=\"https:\/\/grido.loupwebs.cl\/wp-content\/uploads\/2024\/09\/div-1.png\" class=\"attachment-full size-full wp-image-124\" alt=\"\" srcset=\"https:\/\/grido.loupwebs.cl\/wp-content\/uploads\/2024\/09\/div-1.png 1920w, https:\/\/grido.loupwebs.cl\/wp-content\/uploads\/2024\/09\/div-1-300x54.png 300w, https:\/\/grido.loupwebs.cl\/wp-content\/uploads\/2024\/09\/div-1-1024x185.png 1024w, https:\/\/grido.loupwebs.cl\/wp-content\/uploads\/2024\/09\/div-1-768x138.png 768w, https:\/\/grido.loupwebs.cl\/wp-content\/uploads\/2024\/09\/div-1-1536x277.png 1536w\" sizes=\"(max-width: 1920px) 100vw, 1920px\" \/>\t\t\t\t\t\t\t\t\t\t\t\t\t<\/div>\n\t\t\t\t<\/div>\n\t\t\t\t<\/div>\n\t\t<div class=\"elementor-element elementor-element-6875f3d e-con-full e-flex e-con e-parent\" data-id=\"6875f3d\" data-element_type=\"container\" data-settings=\"{&quot;background_background&quot;:&quot;classic&quot;}\">\n\t\t<div class=\"elementor-element elementor-element-ecd6cb5 e-con-full e-flex e-con e-child\" data-id=\"ecd6cb5\" data-element_type=\"container\">\n\t\t\t\t<div class=\"elementor-element elementor-element-dc484c3 elementor-widget__width-initial elementor-widget elementor-widget-image\" data-id=\"dc484c3\" data-element_type=\"widget\" data-widget_type=\"image.default\">\n\t\t\t\t<div class=\"elementor-widget-container\">\n\t\t\t\t\t\t\t\t\t\t\t\t\t<img loading=\"lazy\" decoding=\"async\" width=\"507\" height=\"542\" src=\"https:\/\/grido.loupwebs.cl\/wp-content\/uploads\/2024\/09\/ico-1.png\" class=\"attachment-full size-full wp-image-150\" alt=\"\" srcset=\"https:\/\/grido.loupwebs.cl\/wp-content\/uploads\/2024\/09\/ico-1.png 507w, https:\/\/grido.loupwebs.cl\/wp-content\/uploads\/2024\/09\/ico-1-281x300.png 281w\" sizes=\"(max-width: 507px) 100vw, 507px\" \/>\t\t\t\t\t\t\t\t\t\t\t\t\t<\/div>\n\t\t\t\t<\/div>\n\t\t\t\t<div class=\"elementor-element elementor-element-77e0478 elementor-widget__width-initial elementor-widget elementor-widget-image\" data-id=\"77e0478\" data-element_type=\"widget\" data-widget_type=\"image.default\">\n\t\t\t\t<div class=\"elementor-widget-container\">\n\t\t\t\t\t\t\t\t\t\t\t\t\t<img loading=\"lazy\" decoding=\"async\" width=\"1884\" height=\"516\" src=\"https:\/\/grido.loupwebs.cl\/wp-content\/uploads\/2024\/09\/text-2.png\" class=\"attachment-full size-full wp-image-192\" alt=\"\" srcset=\"https:\/\/grido.loupwebs.cl\/wp-content\/uploads\/2024\/09\/text-2.png 1884w, https:\/\/grido.loupwebs.cl\/wp-content\/uploads\/2024\/09\/text-2-300x82.png 300w, https:\/\/grido.loupwebs.cl\/wp-content\/uploads\/2024\/09\/text-2-1024x280.png 1024w, https:\/\/grido.loupwebs.cl\/wp-content\/uploads\/2024\/09\/text-2-768x210.png 768w, https:\/\/grido.loupwebs.cl\/wp-content\/uploads\/2024\/09\/text-2-1536x421.png 1536w\" sizes=\"(max-width: 1884px) 100vw, 1884px\" \/>\t\t\t\t\t\t\t\t\t\t\t\t\t<\/div>\n\t\t\t\t<\/div>\n\t\t\t\t<\/div>\n\t\t\t\t<div class=\"elementor-element elementor-element-8021347 elementor-widget elementor-widget-text-editor\" data-id=\"8021347\" data-element_type=\"widget\" data-widget_type=\"text-editor.default\">\n\t\t\t\t<div class=\"elementor-widget-container\">\n\t\t\t\t\t\t\t<p>Endulzamos tu d\u00eda con un sabor \u00fanico<\/p>\t\t\t\t\t\t<\/div>\n\t\t\t\t<\/div>\n\t\t\t\t<div class=\"elementor-element elementor-element-0c231b6 elementor-widget elementor-widget-image\" data-id=\"0c231b6\" data-element_type=\"widget\" data-widget_type=\"image.default\">\n\t\t\t\t<div class=\"elementor-widget-container\">\n\t\t\t\t\t\t\t\t\t\t\t\t\t<img loading=\"lazy\" decoding=\"async\" width=\"1920\" height=\"527\" src=\"https:\/\/grido.loupwebs.cl\/wp-content\/uploads\/2024\/09\/div-2.png\" class=\"attachment-full size-full wp-image-125\" alt=\"\" srcset=\"https:\/\/grido.loupwebs.cl\/wp-content\/uploads\/2024\/09\/div-2.png 1920w, https:\/\/grido.loupwebs.cl\/wp-content\/uploads\/2024\/09\/div-2-300x82.png 300w, https:\/\/grido.loupwebs.cl\/wp-content\/uploads\/2024\/09\/div-2-1024x281.png 1024w, https:\/\/grido.loupwebs.cl\/wp-content\/uploads\/2024\/09\/div-2-768x211.png 768w, https:\/\/grido.loupwebs.cl\/wp-content\/uploads\/2024\/09\/div-2-1536x422.png 1536w\" sizes=\"(max-width: 1920px) 100vw, 1920px\" \/>\t\t\t\t\t\t\t\t\t\t\t\t\t<\/div>\n\t\t\t\t<\/div>\n\t\t\t\t<\/div>\n\t\t<div class=\"elementor-element elementor-element-d74ea69 e-con-full e-flex e-con e-parent\" data-id=\"d74ea69\" data-element_type=\"container\" data-settings=\"{&quot;background_background&quot;:&quot;classic&quot;}\">\n\t\t<div class=\"elementor-element elementor-element-4907498 e-con-full e-flex e-con e-child\" data-id=\"4907498\" data-element_type=\"container\">\n\t\t\t\t<div class=\"elementor-element elementor-element-2b0c745 elementor-widget__width-initial elementor-widget elementor-widget-image\" data-id=\"2b0c745\" data-element_type=\"widget\" data-widget_type=\"image.default\">\n\t\t\t\t<div class=\"elementor-widget-container\">\n\t\t\t\t\t\t\t\t\t\t\t\t\t<img loading=\"lazy\" decoding=\"async\" width=\"2250\" height=\"492\" src=\"https:\/\/grido.loupwebs.cl\/wp-content\/uploads\/2024\/09\/text-1.png\" class=\"attachment-full size-full wp-image-193\" alt=\"\" srcset=\"https:\/\/grido.loupwebs.cl\/wp-content\/uploads\/2024\/09\/text-1.png 2250w, https:\/\/grido.loupwebs.cl\/wp-content\/uploads\/2024\/09\/text-1-300x66.png 300w, https:\/\/grido.loupwebs.cl\/wp-content\/uploads\/2024\/09\/text-1-1024x224.png 1024w, https:\/\/grido.loupwebs.cl\/wp-content\/uploads\/2024\/09\/text-1-768x168.png 768w, https:\/\/grido.loupwebs.cl\/wp-content\/uploads\/2024\/09\/text-1-1536x336.png 1536w, https:\/\/grido.loupwebs.cl\/wp-content\/uploads\/2024\/09\/text-1-2048x448.png 2048w\" sizes=\"(max-width: 2250px) 100vw, 2250px\" \/>\t\t\t\t\t\t\t\t\t\t\t\t\t<\/div>\n\t\t\t\t<\/div>\n\t\t\t\t<div class=\"elementor-element elementor-element-7358a68 elementor-widget__width-initial elementor-widget elementor-widget-image\" data-id=\"7358a68\" data-element_type=\"widget\" data-widget_type=\"image.default\">\n\t\t\t\t<div class=\"elementor-widget-container\">\n\t\t\t\t\t\t\t\t\t\t\t\t\t<img loading=\"lazy\" decoding=\"async\" width=\"468\" height=\"439\" src=\"https:\/\/grido.loupwebs.cl\/wp-content\/uploads\/2024\/09\/ico-2.png\" class=\"attachment-full size-full wp-image-149\" alt=\"\" srcset=\"https:\/\/grido.loupwebs.cl\/wp-content\/uploads\/2024\/09\/ico-2.png 468w, https:\/\/grido.loupwebs.cl\/wp-content\/uploads\/2024\/09\/ico-2-300x281.png 300w\" sizes=\"(max-width: 468px) 100vw, 468px\" \/>\t\t\t\t\t\t\t\t\t\t\t\t\t<\/div>\n\t\t\t\t<\/div>\n\t\t\t\t<div class=\"elementor-element elementor-element-8291e58 elementor-widget elementor-widget-text-editor\" data-id=\"8291e58\" data-element_type=\"widget\" data-widget_type=\"text-editor.default\">\n\t\t\t\t<div class=\"elementor-widget-container\">\n\t\t\t\t\t\t\t<p>Sorpr\u00e9ndete con nuestra variedad de helados<\/p>\t\t\t\t\t\t<\/div>\n\t\t\t\t<\/div>\n\t\t\t\t<\/div>\n\t\t\t\t<\/div>\n\t\t<div class=\"elementor-element elementor-element-bf22829 e-con-full e-flex e-con e-parent\" data-id=\"bf22829\" data-element_type=\"container\" data-settings=\"{&quot;background_background&quot;:&quot;classic&quot;}\">\n\t\t\t\t<div class=\"elementor-element elementor-element-6a4946b elementor-widget elementor-widget-image\" data-id=\"6a4946b\" data-element_type=\"widget\" data-widget_type=\"image.default\">\n\t\t\t\t<div class=\"elementor-widget-container\">\n\t\t\t\t\t\t\t\t\t\t\t\t\t<img loading=\"lazy\" decoding=\"async\" width=\"1920\" height=\"552\" src=\"https:\/\/grido.loupwebs.cl\/wp-content\/uploads\/2024\/09\/div-3.png\" class=\"attachment-full size-full wp-image-126\" alt=\"\" srcset=\"https:\/\/grido.loupwebs.cl\/wp-content\/uploads\/2024\/09\/div-3.png 1920w, https:\/\/grido.loupwebs.cl\/wp-content\/uploads\/2024\/09\/div-3-300x86.png 300w, https:\/\/grido.loupwebs.cl\/wp-content\/uploads\/2024\/09\/div-3-1024x294.png 1024w, https:\/\/grido.loupwebs.cl\/wp-content\/uploads\/2024\/09\/div-3-768x221.png 768w, https:\/\/grido.loupwebs.cl\/wp-content\/uploads\/2024\/09\/div-3-1536x442.png 1536w\" sizes=\"(max-width: 1920px) 100vw, 1920px\" \/>\t\t\t\t\t\t\t\t\t\t\t\t\t<\/div>\n\t\t\t\t<\/div>\n\t\t<div class=\"elementor-element elementor-element-3cbb31b e-con-full e-flex e-con e-child\" data-id=\"3cbb31b\" data-element_type=\"container\">\n\t\t\t\t<div class=\"elementor-element elementor-element-75e91d4 elementor-widget__width-initial elementor-widget elementor-widget-image\" data-id=\"75e91d4\" data-element_type=\"widget\" data-widget_type=\"image.default\">\n\t\t\t\t<div class=\"elementor-widget-container\">\n\t\t\t\t\t\t\t\t\t\t\t\t\t<img loading=\"lazy\" decoding=\"async\" width=\"430\" height=\"493\" src=\"https:\/\/grido.loupwebs.cl\/wp-content\/uploads\/2024\/09\/ico-3.png\" class=\"attachment-full size-full wp-image-145\" alt=\"\" srcset=\"https:\/\/grido.loupwebs.cl\/wp-content\/uploads\/2024\/09\/ico-3.png 430w, https:\/\/grido.loupwebs.cl\/wp-content\/uploads\/2024\/09\/ico-3-262x300.png 262w\" sizes=\"(max-width: 430px) 100vw, 430px\" \/>\t\t\t\t\t\t\t\t\t\t\t\t\t<\/div>\n\t\t\t\t<\/div>\n\t\t\t\t<div class=\"elementor-element elementor-element-0d0c19e elementor-widget__width-initial elementor-widget elementor-widget-image\" data-id=\"0d0c19e\" data-element_type=\"widget\" data-widget_type=\"image.default\">\n\t\t\t\t<div class=\"elementor-widget-container\">\n\t\t\t\t\t\t\t\t\t\t\t\t\t<img loading=\"lazy\" decoding=\"async\" width=\"1680\" height=\"683\" src=\"https:\/\/grido.loupwebs.cl\/wp-content\/uploads\/2024\/09\/text-3.png\" class=\"attachment-full size-full wp-image-188\" alt=\"\" srcset=\"https:\/\/grido.loupwebs.cl\/wp-content\/uploads\/2024\/09\/text-3.png 1680w, https:\/\/grido.loupwebs.cl\/wp-content\/uploads\/2024\/09\/text-3-300x122.png 300w, https:\/\/grido.loupwebs.cl\/wp-content\/uploads\/2024\/09\/text-3-1024x416.png 1024w, https:\/\/grido.loupwebs.cl\/wp-content\/uploads\/2024\/09\/text-3-768x312.png 768w, https:\/\/grido.loupwebs.cl\/wp-content\/uploads\/2024\/09\/text-3-1536x624.png 1536w\" sizes=\"(max-width: 1680px) 100vw, 1680px\" \/>\t\t\t\t\t\t\t\t\t\t\t\t\t<\/div>\n\t\t\t\t<\/div>\n\t\t\t\t<div class=\"elementor-element elementor-element-70e8e91 elementor-widget elementor-widget-text-editor\" data-id=\"70e8e91\" data-element_type=\"widget\" data-widget_type=\"text-editor.default\">\n\t\t\t\t<div class=\"elementor-widget-container\">\n\t\t\t\t\t\t\t<p>Disfrutemos siempre en tu Grido m\u00e1s cercano<\/p>\t\t\t\t\t\t<\/div>\n\t\t\t\t<\/div>\n\t\t\t\t<\/div>\n\t\t<div class=\"elementor-element elementor-element-1382458 e-flex e-con-boxed e-con e-child\" data-id=\"1382458\" data-element_type=\"container\">\n\t\t\t\t\t<div class=\"e-con-inner\">\n\t\t\t\t<div class=\"elementor-element elementor-element-21f0475 elementor-widget__width-initial elementor-widget elementor-widget-image\" data-id=\"21f0475\" data-element_type=\"widget\" data-widget_type=\"image.default\">\n\t\t\t\t<div class=\"elementor-widget-container\">\n\t\t\t\t\t\t\t\t\t\t\t\t\t<img loading=\"lazy\" decoding=\"async\" width=\"568\" height=\"486\" src=\"https:\/\/grido.loupwebs.cl\/wp-content\/uploads\/2024\/09\/tienda.png\" class=\"attachment-full size-full wp-image-138\" alt=\"\" srcset=\"https:\/\/grido.loupwebs.cl\/wp-content\/uploads\/2024\/09\/tienda.png 568w, https:\/\/grido.loupwebs.cl\/wp-content\/uploads\/2024\/09\/tienda-300x257.png 300w\" sizes=\"(max-width: 568px) 100vw, 568px\" \/>\t\t\t\t\t\t\t\t\t\t\t\t\t<\/div>\n\t\t\t\t<\/div>\n\t\t\t\t<div class=\"elementor-element elementor-element-df4010e elementor-widget__width-initial elementor-widget elementor-widget-heading\" data-id=\"df4010e\" data-element_type=\"widget\" data-widget_type=\"heading.default\">\n\t\t\t\t<div class=\"elementor-widget-container\">\n\t\t\t<h2 class=\"elementor-heading-title elementor-size-default\">\u00bfA\u00fan no conoces tu franquicia m\u00e1s cercana?<br><b>Encu\u00e9ntrala aqu\u00ed:<\/b><\/h2>\t\t<\/div>\n\t\t\t\t<\/div>\n\t\t\t\t\t<\/div>\n\t\t\t\t<\/div>\n\t\t<div class=\"elementor-element elementor-element-03c87d7 e-flex e-con-boxed e-con e-child\" data-id=\"03c87d7\" data-element_type=\"container\">\n\t\t\t\t\t<div class=\"e-con-inner\">\n\t\t<div class=\"elementor-element elementor-element-4be1bde e-con-full e-flex e-con e-child\" data-id=\"4be1bde\" data-element_type=\"container\">\n\t\t\t\t<div class=\"elementor-element elementor-element-3c8aef4 elementor-widget elementor-widget-html\" data-id=\"3c8aef4\" data-element_type=\"widget\" data-widget_type=\"html.default\">\n\t\t\t\t<div class=\"elementor-widget-container\">\n\t\t\t<iframe src=\"https:\/\/https:\/\/grido.loupwebs.cl\/wp-content\/uploads\/2024\/07\/mapsv2.html\" width=\"600\" height=\"400\" frameborder=\"0\" allowfullscreen>\n  Este navegador no admite iframes.\n<\/iframe>\t\t<\/div>\n\t\t\t\t<\/div>\n\t\t\t\t<\/div>\n\t\t\t\t\t<\/div>\n\t\t\t\t<\/div>\n\t\t\t\t<\/div>\n\t\t\t\t<\/div>\n\t\t","protected":false},"excerpt":{"rendered":"<p>\u00a1Ya Somos 100 Franquicias! Endulzamos tu d\u00eda con un sabor \u00fanico Sorpr\u00e9ndete con nuestra variedad de helados Disfrutemos siempre en tu Grido m\u00e1s cercano \u00bfA\u00fan no conoces tu franquicia m\u00e1s cercana?Encu\u00e9ntrala aqu\u00ed: Este navegador no admite iframes.<\/p>\n","protected":false},"author":1,"featured_media":0,"parent":0,"menu_order":0,"comment_status":"closed","ping_status":"closed","template":"elementor_header_footer","meta":{"footnotes":""},"class_list":["post-95","page","type-page","status-publish","hentry"],"_links":{"self":[{"href":"https:\/\/grido.loupwebs.cl\/index.php\/wp-json\/wp\/v2\/pages\/95","targetHints":{"allow":["GET"]}}],"collection":[{"href":"https:\/\/grido.loupwebs.cl\/index.php\/wp-json\/wp\/v2\/pages"}],"about":[{"href":"https:\/\/grido.loupwebs.cl\/index.php\/wp-json\/wp\/v2\/types\/page"}],"author":[{"embeddable":true,"href":"https:\/\/grido.loupwebs.cl\/index.php\/wp-json\/wp\/v2\/users\/1"}],"replies":[{"embeddable":true,"href":"https:\/\/grido.loupwebs.cl\/index.php\/wp-json\/wp\/v2\/comments?post=95"}],"version-history":[{"count":80,"href":"https:\/\/grido.loupwebs.cl\/index.php\/wp-json\/wp\/v2\/pages\/95\/revisions"}],"predecessor-version":[{"id":235,"href":"https:\/\/grido.loupwebs.cl\/index.php\/wp-json\/wp\/v2\/pages\/95\/revisions\/235"}],"wp:attachment":[{"href":"https:\/\/grido.loupwebs.cl\/index.php\/wp-json\/wp\/v2\/media?parent=95"}],"curies":[{"name":"wp","href":"https:\/\/api.w.org\/{rel}","templated":true}]}}